9
Suppose 1642 = 55*i - 888. Calculate the highest common divisor of 3266 and i.
46
Let n(z) = 2*z**3 + 7*z**2 - 4*z + 4. Let d be n(-4). What is the greatest common divisor of 96 and d?
4
Let a = 129 - 98. Suppose 0 = 8*j - a - 193. Calculate the greatest common divisor of j and 364.
28
Let n(a) = 4*a + 17. Let d be n(19). Calculate the greatest common factor of d and 62.
31
Let w(a) = -a**2 - a + 10. Let x be w(0). Let c(h) = -2*h + 49. Let t be -1 - 12*(-9)/6. Let f be c(t). What is the highest common divisor of f and x?
5
Let n(j) = -j**2 + 2*j + 11. Let f be n(3). What is the highest common factor of 200 and f?
8
Suppose -10*b + 884 = 7*b. Let f = -36 + b. What is the highest common divisor of 40 and f?
8
Suppose 3*d = 12, d + 11 = x + 2*d. What is the highest common factor of x and 553?
7
Let u = -14 - -10. Let g(b) = b**3 + 5*b**2 + 3*b + 6. Let t be g(u). Suppose 12*j = 488 - 128. Calculate the highest common divisor of t and j.
10
Let f(m) = -10*m - 70. Let d be f(-27). What is the greatest common factor of d and 40?
40
Suppose -270 + 273 = -l. Suppose 0 = 2*u + 3*u + 5. Let y be u - -4 - (l - 39). What is the highest common divisor of y and 15?
15
Let a be ((-300)/125)/(92/(-40) + 2). What is the greatest common factor of a and 428?
4
Let g = -22 - -24. Let l be 27792/120 + g/5. What is the highest common divisor of l and 8?
8
Let v = 172 + 83. Suppose 6*t - v = 117. Calculate the greatest common divisor of 93 and t.
31
Let b(j) = j**3 - j**2 - j - 3. Let i be b(3). Let v = 72 + -26. Suppose 3*n + 2 - 3 = t, 0 = -5*t - 2*n + v. What is the greatest common divisor of i and t?
4
Suppose -5*v - 4*s + 178 + 380 = 0, -4*v + 3*s = -434. Let h(k) = -50*k - 6. Let u be h(-1). Calculate the greatest common factor of u and v.
22
Let v(l) = l**3 + 9*l**2 + l + 29. Let z be v(-8). What is the greatest common divisor of z and 85?
85
Let d = 325 - 192. Calculate the greatest common factor of 7 and d.
7
Suppose 6*x + 33 = s + x, 2*s - 39 = x. Calculate the greatest common factor of 2 and s.
2
Suppose -13 = 2*v - 3*a + 4*a, 0 = -5*v + 5*a + 5. Let z be 0 + (64 - (-3 - v)). Calculate the greatest common divisor of z and 21.
21
Let h be (-9)/(-18)*(-1)/((-2)/(-148)). Let q be 2*(h/(-2) - -4). What is the highest common divisor of q and 405?
45
Suppose 0 = -4*i + 4*k + 4, 2 = -i - 2*k - 3. Let u be 78*3/(-9)*i + -2. Calculate the greatest common divisor of 168 and u.
24
Let v be 122/12 + 2/(-12). Let p be 2 + -2 + 2 - v. Let t = p + 13. What is the greatest common divisor of 20 and t?
5
Suppose -30*h = -35*h - 10. Let y(w) = 10*w**2 + 7*w + 9. Let o be y(h). Let m = 284 + o. What is the highest common divisor of m and 29?
29
Let p = 9 + -22. Let j = 23 + p. What is the highest common divisor of 90 and j?
10
Let l = 91 + -50. Suppose -4*g + l + 39 = 0. What is the greatest common factor of g and 220?
20
Let a = 17 - -27. Suppose 0 = -10*m + 345 + 475. Let x = m - 78. Calculate the highest common divisor of a and x.
4
Suppose 644 = 2*w - 4*m, 0*m - 2*m - 1610 = -5*w. Suppose w = 3*v + 4*v. Let h = v - 21. Calculate the greatest common divisor of h and 10.
5
Let w(v) = -35*v + 29. Let k be w(0). Calculate the greatest common divisor of 290 and k.
29
Let i(m) = 4*m**3 - 2*m**2 + m + 2. Let n be i(2). Suppose -3*f = -h - 37, -8*f = -13*f - 5*h + 95. What is the highest common factor of f and n?
14
Let f = -309 - -315. Calculate the greatest common factor of f and 318.
6
Let v = 197 - 179. Calculate the highest common factor of 4 and v.
2
Let m(r) = r**3 + 25*r**2 - 56*r - 38. Let g be m(-27). Calculate the greatest common factor of 640 and g.
16
Suppose p - 3*g - 4 = 0, -2*g = -p - 1 + 2. Let f = -13 - p. Let d = 1 - f. What is the greatest common factor of d and 81?
9
Suppose 2*j + 0*o - 3*o - 27 = 0, -j = -5*o - 31. Suppose -139 = -j*y + 17. Calculate the highest common divisor of 182 and y.
26
Let o(x) = -18*x - 2. Let l be o(-4). Suppose -8*k + 15 = -3*k. Suppose 0 = -t - 4, -k*m = -4*t + 2*t - 92. What is the greatest common factor of m and l?
14
Suppose 4*h + 4 = 2*z + 2, -h - 25 = -4*z. What is the greatest common factor of 707 and z?
7
Let j = 1 + 1. Suppose -2*a - 4*h = h - j, 4*h - 17 = -3*a. Calculate the highest common factor of a and 88.
11
Suppose -j = -5*w - 2, 13 - 3 = 5*j + 5*w. Let l be 216 - (3*-1 - -2). Suppose 55 = j*t - l. Calculate the highest common divisor of 34 and t.
34
Suppose -4*o + 498 = 2*a, -5*o - 3*a + 639 = -6*a. Suppose 5*q - 5 = 0, -3*q + o = 2*d + 31. Calculate the greatest common divisor of d and 23.
23
Let q = 207 + -203. Let p = 22 + -2. What is the highest common factor of p and q?
4
Let p(c) = 4*c - 4 + c**2 - c + 2*c**2 - c**2. Let n be p(-3). Let m be -6*(-3)/2 + -77 + 73. What is the greatest common divisor of m and n?
5
Suppose 4*p - 2*f - 1640 = 1444, 0 = -4*p - 2*f + 3076. Calculate the highest common divisor of p and 112.
14
Let d be (-2 + 3 - -3)*2. Let l = 341 + -253. What is the highest common divisor of d and l?
8
Suppose -44*f + 33 + 583 = 0. Let j be (-252)/(-2) - (1 - 1). What is the highest common divisor of j and f?
14
Let o be (-6 - 17/(-3)) + (-2654)/(-6). Calculate the greatest common factor of o and 34.
34
Let f = 2 - 5. Let s be (-15 - f)/((-3)/16). Let j(y) = 4*y. Let d be j(2). Calculate the highest common factor of s and d.
8
Let l(o) = 6*o - 7. Let n be l(6). Let v be (-5)/(5/4) + -30. Let i = n - v. What is the highest common divisor of 9 and i?
9
Let k = 2 + 0. Suppose 0 = -o + 4*t + 23, 10*t = k*o + 5*t - 43. Calculate the highest common factor of 19 and o.
19
Let w(r) = r**2 - 18*r + 284. Let z be w(14). Calculate the greatest common divisor of z and 304.
76
Let m be (-14)/4*8*(-36)/24. Suppose -6 = -3*b + 5*q + 11, -5*q = -25. What is the highest common divisor of b and m?
14
Let r be (-13)/(-3) - 5/15. Suppose 5*z - 30 = r*y - 3*y, y = -3*z - 6. Let f be 10/y - (-77)/3. Calculate the greatest common factor of 25 and f.
25
Let v(a) = -a**2 + 7*a + 3. Let r = -12 - -18. Let h be v(r). Suppose -6 = o - 3*o. Calculate the highest common divisor of o and h.
3
Let s = 1058 + -1028. What is the highest common factor of s and 585?
15
Let y(m) = -m**3 + 4*m**2 - 2*m + 2. Let k be y(-6). What is the highest common factor of 51 and k?
17
Let w = -843 + 1913. Calculate the highest common divisor of 10 and w.
10
Let g(b) = b - 7. Let z be g(7). Suppose 0 = 2*n + 2*t - 82, -n + 33 = -z*n + 3*t. Calculate the highest common factor of 15 and n.
15
Let g be ((-9)/6)/1 + 75/2. Suppose -4*a = -3*a - 12. Calculate the highest common factor of g and a.
12
Let g = -26 - -96. Suppose 7*s = 2*s + 4*z + 887, -2*z = 4*s - 694. What is the highest common factor of s and g?
35
Let z = -321 + 329. Suppose 4*w = 5*h - 20, 2*w + 9 + 1 = 5*h. Suppose h = 11*a - 7*a - z. Calculate the greatest common factor of 3 and a.
1
Let f(o) = -31 + 3*o + 43 + 4*o. Let r be f(12). Suppose 10*m + r = 14*m. What is the highest common divisor of m and 16?
8
Let i be (-6)/10 + 234/15. Suppose -2*n = -3*a - i, -4*a = 4*n - 2*a - 6. Let g be 6/(n/(3 - -9)). What is the greatest common factor of g and 6?
6
Suppose 23*y = 29*y - 1350. What is the greatest common divisor of y and 15?
15
Let q(l) = -20*l + 125. Let j be q(-7). What is the highest common divisor of j and 106?
53
Suppose -3*l = t + 2*t - 534, -t + l = -168. Suppose -65 = 4*q - t. What is the greatest common divisor of 189 and q?
27
Let l(s) = -s**3 - 14*s**2 + 47*s + 4. Let d be l(-17). What is the greatest common divisor of d and 612?
36
Suppose -7 = -r + 4*k, 0*k + 2*k = 3*r - 51. Calculate the highest common factor of r and 38.
19
Let d(n) = 5*n**2 - 44*n - 16. Suppose 7*p - 9*p = -24. Let b be d(p). Calculate the highest common factor of 16 and b.
16
Suppose -82*l + 42 + 286 = 0. Let u be (-6)/(-8) - 1/(-4). What is the highest common divisor of u and l?
1
Let l(d) = 4*d**2 + d + 7. Let t be (-3)/1 - (-5 - -12). Let q be 28/t - 4/20. Let j be l(q). What is the greatest common divisor of 10 and j?
10
Suppose m = -d + 19, 3 - 55 = -4*d + 4*m. Calculate the highest common factor of 712 and d.
8
Let b(k) be the third derivative of -11*k**4/4 - 9*k**3/2 - k**2. Let d be b(-3). What is the highest common factor of 19 and d?
19
Let h(d) = 3 - d - 7 - d**2 - d**3 - 3*d**2 -